{"id":112,"date":"2021-04-19T14:34:05","date_gmt":"2021-04-19T14:34:05","guid":{"rendered":"http:\/\/mainfeldfrankfurt.de\/?page_id=112"},"modified":"2021-07-05T09:08:25","modified_gmt":"2021-07-05T09:08:25","slug":"festsaal","status":"publish","type":"page","link":"https:\/\/mainfeldfrankfurt.de\/?page_id=112","title":{"rendered":"Festsaal"},"content":{"rendered":"\n<p>Das MAINFELD bietet einen gro\u00dfen Festsaal mit insgesamt 205 Quadratmetern f\u00fcr bis zu 180 Personen. Je nach Veranstaltung kann er mit und ohne aufgebauter B\u00fchne angemietet werden, mit Vorhang und moderner Beschallungs- und Beleuchtungstechnik. Die Bestuhlung, B\u00fchne und B\u00fchnentechnik wird je nach Wunsch von uns gestellt und eingerichtet. Au\u00dferdem haben Sie die M\u00f6glichkeit, den Saal selbst zu dekorieren. <\/p>\n\n\n\n<figure class=\"wp-block-image size-large\"><img fetchpriority=\"high\" decoding=\"async\" width=\"1024\" height=\"768\" src=\"https:\/\/mainfeldfrankfurt.de\/wp-content\/uploads\/2021\/06\/Saal-5-1024x768.png\" alt=\"\" class=\"wp-image-238\" srcset=\"https:\/\/mainfeldfrankfurt.de\/wp-content\/uploads\/2021\/06\/Saal-5-1024x768.png 1024w, https:\/\/mainfeldfrankfurt.de\/wp-content\/uploads\/2021\/06\/Saal-5-300x225.png 300w, https:\/\/mainfeldfrankfurt.de\/wp-content\/uploads\/2021\/06\/Saal-5-768x576.png 768w, https:\/\/mainfeldfrankfurt.de\/wp-content\/uploads\/2021\/06\/Saal-5.png 1247w\" sizes=\"(max-width: 1024px) 100vw, 1024px\" \/><\/figure>\n","protected":false},"excerpt":{"rendered":"<p>Das MAINFELD bietet einen gro\u00dfen Festsaal mit insgesamt 205 Quadratmetern f\u00fcr bis zu 180 Personen. Je nach Veranstaltung kann er mit und ohne aufgebauter B\u00fchne angemietet werden, mit Vorhang und moderner Beschallungs- und Beleuchtungstechnik. Die Bestuhlung, B\u00fchne und B\u00fchnentechnik wird je nach Wunsch von uns gestellt und eingerichtet. Au\u00dferdem haben Sie die M\u00f6glichkeit, den Saal [&hellip;]<\/p>\n","protected":false},"author":1,"featured_media":0,"parent":0,"menu_order":0,"comment_status":"closed","ping_status":"closed","template":"","meta":{"footnotes":""},"class_list":["post-112","page","type-page","status-publish","czr-hentry"],"_links":{"self":[{"href":"https:\/\/mainfeldfrankfurt.de\/index.php?rest_route=\/wp\/v2\/pages\/112","targetHints":{"allow":["GET"]}}],"collection":[{"href":"https:\/\/mainfeldfrankfurt.de\/index.php?rest_route=\/wp\/v2\/pages"}],"about":[{"href":"https:\/\/mainfeldfrankfurt.de\/index.php?rest_route=\/wp\/v2\/types\/page"}],"author":[{"embeddable":true,"href":"https:\/\/mainfeldfrankfurt.de\/index.php?rest_route=\/wp\/v2\/users\/1"}],"replies":[{"embeddable":true,"href":"https:\/\/mainfeldfrankfurt.de\/index.php?rest_route=%2Fwp%2Fv2%2Fcomments&post=112"}],"version-history":[{"count":6,"href":"https:\/\/mainfeldfrankfurt.de\/index.php?rest_route=\/wp\/v2\/pages\/112\/revisions"}],"predecessor-version":[{"id":304,"href":"https:\/\/mainfeldfrankfurt.de\/index.php?rest_route=\/wp\/v2\/pages\/112\/revisions\/304"}],"wp:attachment":[{"href":"https:\/\/mainfeldfrankfurt.de\/index.php?rest_route=%2Fwp%2Fv2%2Fmedia&parent=112"}],"curies":[{"name":"wp","href":"https:\/\/api.w.org\/{rel}","templated":true}]}}

<p>Das MAINFELD bietet einen großen Festsaal mit insgesamt 205 Quadratmetern für bis zu 180 Personen. Je nach Veranstaltung kann er mit und ohne aufgebauter Bühne angemietet werden, mit Vorhang und moderner Beschallungs- und Beleuchtungstechnik. Die Bestuhlung, Bühne und Bühnentechnik wird je nach Wunsch von uns gestellt und eingerichtet. Außerdem haben Sie die Möglichkeit, den Saal selbst zu dekorieren. </p>



<figure class="wp-block-image size-large"><img fetchpriority="high" decoding="async" width="1024" height="768" src="https://mainfeldfrankfurt.de/wp-content/uploads/2021/06/Saal-5-1024x768.png" alt="" class="wp-image-238" srcset="https://mainfeldfrankfurt.de/wp-content/uploads/2021/06/Saal-5-1024x768.png 1024w, https://mainfeldfrankfurt.de/wp-content/uploads/2021/06/Saal-5-300x225.png 300w, https://mainfeldfrankfurt.de/wp-content/uploads/2021/06/Saal-5-768x576.png 768w, https://mainfeldfrankfurt.de/wp-content/uploads/2021/06/Saal-5.png 1247w" sizes="(max-width: 1024px) 100vw, 1024px" /></figure>

<p>Das MAINFELD bietet einen großen Festsaal mit insgesamt 205 Quadratmetern für bis zu 180 Personen. Je nach Veranstaltung kann er mit und ohne aufgebauter Bühne angemietet werden, mit Vorhang und moderner Beschallungs- und Beleuchtungstechnik. Die Bestuhlung, Bühne und Bühnentechnik wird je nach Wunsch von uns gestellt und eingerichtet. Außerdem haben Sie die Möglichkeit, den Saal [&hellip;]</p>
