{"id":114,"date":"2021-04-19T14:34:24","date_gmt":"2021-04-19T14:34:24","guid":{"rendered":"http:\/\/mainfeldfrankfurt.de\/?page_id=114"},"modified":"2021-07-05T09:52:01","modified_gmt":"2021-07-05T09:52:01","slug":"seminarraume","status":"publish","type":"page","link":"https:\/\/mainfeldfrankfurt.de\/?page_id=114","title":{"rendered":"Seminarr\u00e4ume"},"content":{"rendered":"<p>Es stehen sieben Seminarr\u00e4ume f\u00fcr Gruppen bis zu 30 Personen zwischen 10 \u2013 47 Quadratmetern zur Verf\u00fcgung. Sie k\u00f6nnen je nach Bedarf mit St\u00fchlen, Tischen und mit Seminartechnik ausgestattet werden.<\/p>\n\n\n<figure class=\"wp-block-image size-large\"><img fetchpriority=\"high\" decoding=\"async\" width=\"1024\" height=\"729\" src=\"https:\/\/mainfeldfrankfurt.de\/wp-content\/uploads\/2021\/06\/106-1024x729.png\" alt=\"\" class=\"wp-image-242\" srcset=\"https:\/\/mainfeldfrankfurt.de\/wp-content\/uploads\/2021\/06\/106-1024x729.png 1024w, https:\/\/mainfeldfrankfurt.de\/wp-content\/uploads\/2021\/06\/106-300x213.png 300w, https:\/\/mainfeldfrankfurt.de\/wp-content\/uploads\/2021\/06\/106-768x546.png 768w, https:\/\/mainfeldfrankfurt.de\/wp-content\/uploads\/2021\/06\/106.png 1407w\" sizes=\"(max-width: 1024px) 100vw, 1024px\" \/><\/figure>\n","protected":false},"excerpt":{"rendered":"<p>Es stehen sieben Seminarr\u00e4ume f\u00fcr Gruppen bis zu 30 Personen zwischen 10 \u2013 47 Quadratmetern zur Verf\u00fcgung. Sie k\u00f6nnen je nach Bedarf mit St\u00fchlen, Tischen und mit Seminartechnik ausgestattet werden.<\/p>\n","protected":false},"author":1,"featured_media":0,"parent":0,"menu_order":0,"comment_status":"closed","ping_status":"closed","template":"","meta":{"footnotes":""},"class_list":["post-114","page","type-page","status-publish","czr-hentry"],"_links":{"self":[{"href":"https:\/\/mainfeldfrankfurt.de\/index.php?rest_route=\/wp\/v2\/pages\/114","targetHints":{"allow":["GET"]}}],"collection":[{"href":"https:\/\/mainfeldfrankfurt.de\/index.php?rest_route=\/wp\/v2\/pages"}],"about":[{"href":"https:\/\/mainfeldfrankfurt.de\/index.php?rest_route=\/wp\/v2\/types\/page"}],"author":[{"embeddable":true,"href":"https:\/\/mainfeldfrankfurt.de\/index.php?rest_route=\/wp\/v2\/users\/1"}],"replies":[{"embeddable":true,"href":"https:\/\/mainfeldfrankfurt.de\/index.php?rest_route=%2Fwp%2Fv2%2Fcomments&post=114"}],"version-history":[{"count":5,"href":"https:\/\/mainfeldfrankfurt.de\/index.php?rest_route=\/wp\/v2\/pages\/114\/revisions"}],"predecessor-version":[{"id":322,"href":"https:\/\/mainfeldfrankfurt.de\/index.php?rest_route=\/wp\/v2\/pages\/114\/revisions\/322"}],"wp:attachment":[{"href":"https:\/\/mainfeldfrankfurt.de\/index.php?rest_route=%2Fwp%2Fv2%2Fmedia&parent=114"}],"curies":[{"name":"wp","href":"https:\/\/api.w.org\/{rel}","templated":true}]}}